5, what is 1312321 + 40?
1312411
In base 9, what is 1 + -10145?
-10144
In base 10, what is -166 - -461?
295
In base 4, what is 11211 + -31032?
-13221
In base 11, what is -148a6 + -5?
-14900
In base 11, what is -4 - -22777?
22773
In base 13, what is 9990 + -11?
997c
In base 13, what is -66121 + 1?
-66120
In base 11, what is -1 + -1337?
-1338
In base 3, what is 112121110011 + 2?
112121110020
In base 8, what is 612762 + -5?
612755
In base 5, what is 33143301 - 0?
33143301
In base 13, what is 277380 + -3?
27737a
In base 14, what is -c424d - 2?
-c4251
In base 11, what is 28 + -5767?
-573a
In base 11, what is 2a65 + 0?
2a65
In base 14, what is -3 + 5d19c?
5d199
In base 6, what is 152400 - -5?
152405
In base 6, what is -100 + 41402?
41302
In base 14, what is -25 + 210?
1c9
In base 7, what is -1 + 14365203?
14365202
In base 4, what is 130102 + -2113?
121323
In base 15, what is -386b06 + 1?
-386b05
In base 10, what is -76 + 1739?
1663
In base 13, what is 1 + -163439?
-163438
In base 13, what is a81c + 2?
a821
In base 14, what is -7 - 4bb?
-4c4
In base 5, what is -4 + 1041032?
1041023
In base 7, what is -226135 - 3?
-226141
In base 13, what is -1a4 + -7?
-1ab
In base 11, what is -2 - 2008a?
-20091
In base 16, what is 6 - -24c0?
24c6
In base 11, what is -8721 - 10?
-8731
In base 16, what is 26 + cd9?
cff
In base 5, what is 10113 - 20110?
-4442
In base 16, what is 3e - 3b21?
-3ae3
In base 2, what is -10011010110000 - -10?
-10011010101110
In base 11, what is 1 + -222833?
-222832
In base 3, what is -2 + -110211212102?
-110211212111
In base 3, what is -102121 - -1212120?
1102222
In base 11, what is -5166 - 13?
-5179
In base 9, what is -103 - -1135?
1032
In base 10, what is -123 - 207?
-330
In base 16, what is -2acd - 73?
-2b40
In base 13, what is -b0aa85 - -5?
-b0aa80
In base 15, what is -2dd - 8?
-2e6
In base 14, what is -4 + 1665?
1661
In base 15, what is 131b - 237?
10d4
In base 11, what is 5946 - 33?
5913
In base 14, what is -1bbdb48 - -1?
-1bbdb47
In base 16, what is 41 - -c0b6?
c0f7
In base 3, what is -11 - 12120020?
-12120101
In base 9, what is 68 - -556?
635
In base 11, what is -4 + 5903?
58aa
In base 3, what is -12 - 2221202102210?
-2221202102222
In base 2, what is -101 + -1110001110010?
-1110001110111
In base 11, what is -104496 + -6?
-1044a1
In base 9, what is -368 - -381?
12
In base 7, what is -2 + -231000?
-231002
In base 4, what is -220 - -30001133?
30000313
In base 5, what is -111202 + 213?
-110434
In base 11, what is -16 - 3861?
-3877
In base 4, what is 22233312 - -11?
22233323
In base 8, what is 30037 + 77?
30136
In base 16, what is -55ed9 + 0?
-55ed9
In base 11, what is -28 + 220a0?
22073
In base 12, what is 1223 - 36?
11a9
In base 7, what is -2 - 405523?
-405525
In base 9, what is 2 - -10153?
10155
In base 8, what is -23577 + 11?
-23566
In base 2, what is -11100 + 111010101110?
111010010010
In base 9, what is 6843556 - -5?
6843562
In base 7, what is -53 - -5036?
4653
In base 2, what is 0 + 11111110001101110?
11111110001101110
In base 3, what is 2210022 + -1212?
2201110
In base 6, what is -402 - -12540?
12134
In base 2, what is -111111000111000110 + -10?
-111111000111001000
In base 16, what is -7 - 35bd?
-35c4
In base 13, what is -504 - b4a?
-1351
In base 10, what is -2 - 15036?
-15038
In base 11, what is -25440 - -11?
-2542a
In base 8, what is 47006 - -1?
47007
In base 9, what is -12400 + 3?
-12386
In base 7, what is 60244 + 10?
60254
In base 6, what is 3 + -333100?
-333053
In base 12, what is 11b657 - -1?
11b658
In base 8, what is 32176 - -2?
32200
In base 2, what is 1 - 1001011101101001011?
-1001011101101001010
In base 3, what is 1121 - 11111111?
-11102220
In base 4, what is 3 - 32330331?
-32330322
In base 9, what is 14 + -53681?
-53666
In base 5, what is 2244 + 1414?
4213
In base 9, what is -11 - 2827?
-2838
In base 13, what is 0 + -1980b6?
-1980b6
In base 9, what is -5 - -717310?
717304
In base 16, what is 96 + -180?
-ea
In base 5, what is 22302 + 133?
22440
In base 13, what is -7a2 - 20?
-7c2
In base 11, what is -16941 + -1?
-16942
In base 9, what is 186241 - 1?
186240
In base 3, what is -11 + 1001222100?
1001222012
In base 12, what is -432ab + -4?
-432b3
In base 6, what is -25445 - -1?
-25444
In base 8, what is 1425 - 1?
1424
In base 9, what is 4718 - -18?
4737
In base 4, what is 111 + -201?
-30
In base 5, what is -1 - -2014011?
2014010
In base 11, what is 3 + -617005?
-617002
In base 2, what is 1110100111011 + 1?
1110100111100
In base 10, what is -286883 + -4?
-286887
In base 4, what is 30202320201 + 2?
30202320203
In base 7, what is -311026 + 1?
-311025
In base 16, what is -55 - 110?
-165
In base 11, what is 23a5a + -20?
23a3a
In base 11, what is -1 - 2931?
-2932
In base 8, what is -3216 + -3?
-3221
In base 13, what is 3 - -7c20?
7c23
In base 14, what is d7c1 + 52?
d833
In base 9, what is 114 + 267?
382
In base 9, what is -173226 - -2?
-173224
In base 12, what is -1 - 100844?
-100845
In base 16, what is 0 - 1388?
-1388
In base 13, what is -90c63b + 0?
-90c63b
In base 15, what is -5 - 10a4?
-10a9
In base 14, what is 17a2 + 96?
1858
In base 9, what is -2207 + -378?
-2586
In base 6, what is 1022215 + -114?
1022101
In base 7, what is 266 + 5105?
5404
In base 2, what is 1001110001011 + -100101?
1001101100110
In base 15, what is 4eb3 - 7?
4eab
In base 13, what is -a237 + 8?
-a22c
In base 12, what is -26 - 382b3?
-38319
In base 2, what is -100 - -100110100010001111?
100110100010001011
In base 9, what is -4 + 27115?
27111
In base 4, what is -3 + -1112223?
-1112232
In base 9, what is 354 + -11?
343
In base 3, what is 110 + -2111122?
-2111012
In base 6, what is -5 - 31044002?
-31044011
In base 3, what is -11202112 - -221022?
-10211020
In base 12, what is 981 + -561?
420
In base 11, what is -4140117 + -1?
-4140118
In base 15, what is -5 + -732c?
-7332
In base 4, what is -11 + -2212131?
-2212202
In base 11, what is 7 + 91056?
91062
In base 14, what is c613 + c?
c621
In base 16, what is -264c + 18?
-2634
In base 15, what is 5 + -1e762?
-1e75c
In base 4, what is -1 - -232023121?
232023120
In base 4, what is -230 + -1222121?
-1223011
In base 7, what is 1620 - -3132?
5052
In base 12, what is 1186 - -a5?
126b
In base 15, what is -6c - -e9?
7c
In base 8, what is 3 - -170?
173
In base 13, what is 15 + 2508?
2520
In base 11, what is 800 - 28?
783
In base 10, what is 19906 - -5?
19911
In base 9, what is 4622 - -348?
5071
In base 4, what is 111022 - -10?
111032
In base 4, what is -20031 + -110102?
-130133
In base 9, what is 1072 - 208?
763
In base 13, what is -5 + -831a?
-8322
In base 7, what is -1630 - 1546?
-3506
In base 7, what is 14606130 + -4?
14606123
In base 3, what is -112 - -10212001?
10211112
In base 3, what is -1120112010 - -12?
-1120111221
In base 13, what is 30a - 2?
308
In base 13, what is 2105 - 5?
2100
In base 7, what is 454553 - -3?
454556
In base 12, what is -4 + b8b8?
b8b4
In base 12, what is 3 + -1321?
-131a
In base 9, what is -4 - -436157?
436153
In base 4, what is -1121232 - 20?
-1121312
In base 10, what is 104 + 1580?
1684
In base 14, what is 4 + c2ca9?
c2cad
In base 12, what is 35a + 8b5?
1053
In base 12, what is -12 - 1986?
-1998
In base 10, what is -109856 + 4?
-109852
In base 16, what is 5 + a2a?
a2f
In base 7, what is -102 + -10110?
-10212
In base 9, what is 25 + 11023?
11048
In base 9, what is -831141 - -3?
-831137
In base 8, what is -3577 - -101?
-3476
In base 5, what is -1024442 - -4?
-1024433
In base 2, what is -10101101001011010 + -11000?
-10101101001110010
In base 12, what is 4 + -2880b?
-28807
In base 2, what is -10011011 + -1000001010?
-1010100101
In base 6, what is 4 + -1010025?
-1010021
In base 10, what is -1 + -16291?
-16292
In base 11, what is -268 - 220?
-488
In base 9, what is -531 + 0?
-531
In base 13, what is 1c004 - -8?
1c00c
In base 2, what is -101100011 + 11001?
-101001010
In base 7, what is 155006 - 4?
155002
In base 11, what is -145 - -82?
-73
In base 4, what is 23333133 - 0?
23333133
In base 14, what is -33c - -aa?
-272
In base 14, what is -152d2 - -2?
-152d0
In base 4, what is 2 - -3023220?
3023222
In base 16, what is -134 - -96?
-9e
In base 11, what is 1773206 - -4?
177320a
In base 11, what is 1713 - 29?
1695
In base 4, what is -1230 - 1012221?
-1020111
In base 7, what is 6 - 30602?
-30563
In base